et p(j) = j**2 + 22. Let x(c) = c**3 - 7*c**2 - 7*c - 6. Let u be x(8). Suppose 6 + 4 = 5*r + 2*w, 2*r + u*w - 10 = 0. What is the units digit of p(r)?
2
Suppose 2796 = -8*z + 12724. What is the hundreds digit of z?
2
Suppose 5*h + 1232 = 4*z, 0 = h + 3*z - 14 + 249. What is the tens digit of (5 + -3)/((-8)/h)?
6
Suppose x - 3916 = -4*y, -4*x = -5*y + 3512 + 1362. What is the units digit of y?
8
Let x(k) = -k**2 + 2*k + 2. Let a be x(2). Suppose -p = -a*c - 6*p + 9, 5*p - 13 = -4*c. Suppose c*w = 1 + 5. What is the units digit of w?
3
Let d = -264 + 637. What is the hundreds digit of d?
3
Let c(t) = 2*t**3 - 105*t**2 + 56*t - 41. What is the tens digit of c(52)?
6
Suppose 4*d + o + o = 106, -5*d + 134 = 2*o. What is the tens digit of d/(-2)*(2 - 3)?
1
What is the tens digit of (-2 - 6586)*(-48)/72?
9
Let p(d) = 67*d + 292. What is the thousands digit of p(22)?
1
Let j = -59 - -59. Suppose j = -v - 4*v + 1575. What is the units digit of v?
5
Suppose -3*n + 7*k = 3*k - 891, 0 = -n - 4*k + 313. What is the tens digit of n?
0
Suppose -13*f - 3266 = -12366. What is the hundreds digit of f?
7
Let l be -2*((3 - 5) + -4). Let b be (-38)/6 - l/18. Let z(v) = v**2 + 6*v + 9. What is the units digit of z(b)?
6
Let m(k) = 3*k + 22. Suppose 0 = -3*y + 4*c + 23 + 20, c = -1. What is the tens digit of m(y)?
6
Let m = 1839 - 467. What is the thousands digit of m?
1
Let z(l) = -1904*l + 84. What is the tens digit of z(-1)?
8
Let x be 22/(-99) + (-3532)/(-18). Suppose -4*d + 0*d = -x. Let v = -17 + d. What is the units digit of v?
2
Let o(v) = -v**3 + 5*v**2 + 9*v - 12. Let t be o(6). Suppose -t = -2*d + 130. What is the units digit of d?
8
Let c(j) = j**2 - 7*j - 8. Let p = -12 + 19. Let z be c(p). Let i = -4 - z. What is the units digit of i?
4
Let i be (2 + 5/(-2))*2. Let r be (-5 - -2) + (-2)/i. What is the tens digit of (4 + -4 - r)*26?
2
Let x(y) = 24*y + 63. Let f be x(7). Suppose -3*i - f = 3*d - 975, -4*d - 5*i = -991. What is the tens digit of d?
4
Suppose -5*v + 29*a = 34*a - 4180, 2*a = -v + 836. What is the units digit of v?
6
Suppose 44*b - 13530 = 36146. What is the units digit of b?
9
What is the units digit of ((-4)/3*-1)/((-222)/(-55611))?
4
Let o = 5656 - 3889. What is the hundreds digit of o?
7
Suppose 0*b + 66 = -3*b. Let w(g) = g**2 - 3*g - 2. Let v be w(-5). Let h = v + b. What is the units digit of h?
6
Suppose -3*z - 3*w + 4*w - 193 = 0, -3*w - 61 = z. Let i = 42 - z. What is the tens digit of i?
0
Suppose -3*h + 39 = -d, 5*d + 57 = 3*h + 6. Suppose 0 = 2*v - 6*v + 4. Let f = h + v. What is the tens digit of f?
1
Let b be (-4*(-9)/(-6))/(-3). Suppose 0 = -b*g - 4*s + 235 + 351, g = -4*s + 287. What is the tens digit of g?
9
Suppose 9*p - 7*p = 0. Let k(x) = -2*x**2 + 12. Let b be k(p). Suppose b + 4 = o. What is the units digit of o?
6
Let j(f) = f**3 - f**2 - 5*f + 2. Let z be j(4). Let t(l) = -l**3 - 6*l**2 + 4*l - 17. Let r be t(-7). What is the tens digit of 70/r*36/z?
2
Let j(r) = r**3 - r + 2. Suppose 4*u - 6 = 6. Let a be j(u). Suppose -32 = 24*h - a*h. What is the tens digit of h?
1
Suppose -1826 = -y + 154. Suppose 3*x = -6*x + y. What is the units digit of x?
0
Suppose -2*y + y = -2*b + 9, 19 = 3*b + 4*y. Suppose -379 - 61 = -b*q. What is the tens digit of q?
8
Suppose -634 = -6*m + 2660. What is the hundreds digit of m?
5
Let g be 6/(-10) + 13/5. Suppose 3 = 3*a, -g*w - 5*a - 5 + 16 = 0. Suppose 5*s + 3*t = -2 + 146, w*s = -t + 88. What is the tens digit of s?
3
Let z(j) = 8*j**2 + 14*j - 8. What is the units digit of z(5)?
2
Let p(v) = -2*v**3 + 3*v**2 - 6*v + 28. What is the tens digit of p(-7)?
0
Suppose v + 11 = b, 4*b - 29 = b + 5*v. Let t = b + 15. What is the units digit of t?
8
Let b(t) = -64*t - 81. What is the hundreds digit of b(-13)?
7
Let m(v) = 2*v**2 + 5*v + 6. Let j be m(-5). Suppose 95 = 4*h + j. Let q = -14 + h. What is the units digit of q?
2
Let u(q) = 81*q**3 - 7*q**2 + 8*q + 8. What is the tens digit of u(3)?
5
Suppose 0 = 5*j - w - 2*w + 275, -237 = 4*j + w. Let r be 2 + (0 + 1)*j. Let d = 107 + r. What is the units digit of d?
1
Suppose -4*i - 4*w + 1116 = 0, 0*w = 2*i - w - 573. Suppose 12 = -4*n + i. Let h = n + -30. What is the units digit of h?
8
Suppose y + 3*a = -30, -2*y - 2*a - 44 = -4*a. What is the tens digit of 176/y*42/(-4)?
7
Let u(f) = f**2 + 3*f - 1. Let p be u(-5). Let d(q) = q - 5*q + p + 5*q. What is the units digit of d(0)?
9
Suppose 0 = 4*k - 5 - 15. Suppose 4*i = -4*g + 40, -g + 52 = 4*i - 0*g. Suppose k*d = 31 + i. What is the units digit of d?
9
Suppose -7*b + 10*b - 144 = 0. What is the tens digit of b?
4
Let g(u) be the second derivative of -u**4/12 - 10*u**3/3 + 33*u**2/2 - 8*u. What is the tens digit of g(-15)?
0
Suppose 3*l - 1467 = -3*v, -2*l + 0*v + 2*v + 982 = 0. What is the hundreds digit of l?
4
Let b be (-1)/1 + -7 + -304 + -5. Let c = -187 - b. What is the tens digit of c?
3
Suppose 4*w - 71 + 59 = 0. Suppose -2*g + 548 = 4*d, 2*d - w*d + g = -143. What is the hundreds digit of d?
1
Suppose -2*b = -6*b + 8. Suppose -5*q + 83 = b*p + 27, 4 = -2*q. Let u = -18 + p. What is the units digit of u?
5
Let n = -5018 - -7575. What is the units digit of n?
7
Let t = -57 + 61. Suppose -53 = -3*w - t*s + 19, w - 22 = -2*s. What is the tens digit of w?
2
What is the thousands digit of (-6171)/(-34)*(-80)/(-6) - 2?
2
Suppose -5*l - 1 = -2*k, 0*l - 1 = -l. Suppose -4*y + 167 = y - p, 0 = k*y + 2*p - 108. Suppose -4*z + y = 2*b, 2*z - 4*b - 6 = 26. What is the tens digit of z?
1
Let f(l) = -l**3 - l. Let a be f(0). What is the tens digit of 13 + a/(-1 - 0)?
1
Let c(q) = -q**2 + 4*q - 4. Let m be c(2). Suppose 5*b = 4*i - 9*i + 90, m = -2*b. What is the tens digit of i?
1
Let a = 3109 - 1942. What is the hundreds digit of a?
1
Suppose 4*p + 20 = 5*b - 4*b, 5*p = -2*b - 12. Suppose -b*g + 398 = 5*n - 0*n, -2*g + 4*n + 186 = 0. What is the units digit of g?
7
Suppose -3*b + b - 2131 = -5*v, 5*v - 5*b - 2140 = 0. What is the tens digit of v?
2
Suppose 3*o + 510 = 4509. What is the units digit of o?
3
Suppose 26 = -11*n + 4. What is the tens digit of -4*524/(-16) + n?
2
Suppose 0 = -14*z + 9*z + 2420. What is the tens digit of z?
8
Suppose 324 = 6*j - 2334. Let i = -265 + j. What is the tens digit of i?
7
Let r be 1/3 - (-4)/6. Let q be (0*3/9)/r. Let a(s) = s**2 + 20. What is the tens digit of a(q)?
2
Let o(g) = 13*g + 68. What is the tens digit of o(26)?
0
Let v(j) = -j**3 + 4*j**2 - j + 9. Let t be v(4). Suppose h - 83 = -2*b, 3*h - 205 = -0*b - t*b. What is the tens digit of b?
4
Let m = 802 + -700. What is the units digit of m?
2
Let i(r) = -r**3 + r**2 + 10*r + 671. What is the hundreds digit of i(0)?
6
Let z(l) = -2*l**2 + 7*l + 1. Let a be z(6). Let p = a + 32. Suppose 6*q - 27 = p*q. What is the units digit of q?
9
Let b be (-4)/(-26) + -1 + (-1952)/13. Let u = b + 268. What is the tens digit of u?
1
Let p(i) = i + 22. Let l be p(-9). Let h = 22 - l. What is the units digit of h?
9
Let i = 38 - 26. Suppose l - 25 = -z, -i = -2*z - z. What is the tens digit of l/2 + (-6)/12?
1
Let u(j) = -2*j**3 + 3*j**3 + 9 - 8*j**2 + 12*j + 4. Let m(l) = 5*l**3 - 39*l**2 + 61*l + 66. Let c(p) = 2*m(p) - 11*u(p). What is the tens digit of c(8)?
3
Let o(u) = -u**3 + 10*u**2 - 10*u + 11. Let t be o(9). Let b(h) = 3*h**t + h**3 - 5*h + 7*h + 1 - 2*h. What is the units digit of b(-3)?
1
Let n(w) = -6 - 2 - 10 - 3*w + 20*w. What is the units digit of n(6)?
4
Let t = 141 - 140. Let g = t - -110. What is the hundreds digit of g?
1
Suppose -2*x = -25 - 155. Let z(w) = -w**3 - 6*w**2 - 3*w + 15. Let k be z(-5). Suppose -k*h + 8*h = x. What is the tens digit of h?
3
Suppose y + 2*y = 4*t - 17, 3*t - y - 9 = 0. Suppose g - 63 = -t*m, 6*m + 77 = g + m. What is the units digit of g?
7
Let c(u) = u**2 - 6*u - 13. Let b be c(9). What is the units digit of (-21)/b - (-155)/2?
6
Suppose -c + 4*c = 9. Suppose 0 = c*f - f. Suppose -3*o - 2*o - 5*t + 20 = f, 4*o + 2*t - 12 = 0. What is the units digit of o?
2
Let z(o) = 21*o**2 - 16*o + 56. What is the tens digit of z(7)?
7
Let o = -741 - -1293. What is the tens digit of o?
5
Let y be (10 - 2)*(-1)/(-2). Suppose 51 + 81 = y*c. Suppose -2*g = -3*i - 4*g + 99, -i = -3*g - c. What is the units digit of i?
3
Let r = -72 - -78. Suppose -r*d = 86 - 338. What is the t